a multiple of 11?
True
Does 357 divide 3460257?
False
Is 61 a factor of 947818?
True
Is 38 a factor of 967567?
False
Does 73 divide 2532516?
True
Is 1685808 a multiple of 6?
True
Is 14 a factor of 109129?
False
Is 5 a factor of 119287?
False
Is 319337 a multiple of 118?
False
Is 127746 a multiple of 133?
False
Is 25 a factor of 439922?
False
Does 5 divide 108316?
False
Is 349481 a multiple of 19?
False
Is 1132305 a multiple of 15?
True
Does 344 divide 84639?
False
Does 2 divide 64560?
True
Is 1065582 a multiple of 126?
True
Is 402910 a multiple of 18?
False
Does 163 divide 11186465?
False
Does 3 divide 7573?
False
Is 313811 a multiple of 25?
False
Is 268036 a multiple of 226?
True
Is 85 a factor of 10620495?
True
Is 576855 a multiple of 387?
False
Is 96 a factor of 746976?
True
Is 475414 a multiple of 68?
False
Is 237650 a multiple of 9?
False
Is 10323981 a multiple of 51?
True
Is 63 a factor of 4823431?
False
Is 211270 a multiple of 37?
True
Is 33 a factor of 57651?
True
Is 211 a factor of 227880?
True
Does 49 divide 539833?
True
Is 265 a factor of 599695?
True
Is 13 a factor of 15415985?
True
Is 99 a factor of 179903?
False
Is 438834 a multiple of 6?
True
Is 22 a factor of 88044?
True
Does 88 divide 91875?
False
Does 43 divide 1214923?
False
Does 66 divide 740678?
False
Does 22 divide 3033171?
False
Is 398575 a multiple of 535?
True
Is 2441748 a multiple of 4?
True
Is 14 a factor of 2398018?
True
Is 73 a factor of 551588?
True
Is 27 a factor of 36852?
False
Does 17 divide 11451256?
False
Is 8 a factor of 403064?
True
Is 38 a factor of 41201?
False
Is 125 a factor of 161750?
True
Is 53 a factor of 7206039?
True
Does 16 divide 218656?
True
Is 111 a factor of 225441?
True
Is 9 a factor of 52452?
True
Is 165 a factor of 156726?
False
Is 37 a factor of 2069504?
False
Is 6 a factor of 438264?
True
Does 31 divide 2666?
True
Is 19564776 a multiple of 1848?
True
Is 1733702 a multiple of 13?
False
Is 3339269 a multiple of 219?
False
Is 4889257 a multiple of 1175?
False
Does 1991 divide 13455178?
True
Is 15 a factor of 205410?
True
Does 25 divide 42450?
True
Is 1880474 a multiple of 307?
False
Does 7 divide 502957?
True
Is 65 a factor of 142026?
False
Is 100714 a multiple of 29?
False
Is 179 a factor of 12530?
True
Does 167 divide 1503?
True
Is 2498768 a multiple of 8?
True
Is 626 a factor of 525882?
False
Is 42 a factor of 185472?
True
Does 75 divide 6466350?
True
Is 3 a factor of 3971?
False
Is 216 a factor of 9062720?
False
Does 23 divide 77682?
False
Is 100 a factor of 23203900?
True
Does 21 divide 1039374?
True
Is 793747 a multiple of 17?
True
Is 1013486 a multiple of 26?
False
Is 19082 a multiple of 58?
True
Is 559 a multiple of 110?
False
Is 4 a factor of 226280?
True
Is 3 a factor of 113618?
False
Is 12852 a multiple of 60?
False
Does 19 divide 8777223?
False
Is 12 a factor of 17129040?
True
Is 90 a factor of 670751?
False
Is 8 a factor of 2034134?
False
Does 47 divide 44697?
True
Is 67609 a multiple of 118?
False
Does 63 divide 492151?
False
Does 237 divide 2686632?
True
Is 194 a factor of 441738?
True
Is 2444 a multiple of 13?
True
Is 13 a factor of 34541?
True
Is 364021 a multiple of 119?
True
Does 166 divide 574071?
False
Is 284416 a multiple of 239?
False
Is 36 a factor of 13007916?
True
Does 227 divide 8510272?
False
Does 6 divide 314324?
False
Is 68 a factor of 630906?
False
Does 11 divide 105412?
False
Is 62245 a multiple of 295?
True
Is 160 a factor of 2975775?
False
Does 1569 divide 4325733?
True
Is 1625404 a multiple of 17?
True
Is 31 a factor of 75857?
True
Does 87 divide 45327?
True
Does 29 divide 4227127?
True
Is 136 a factor of 104786?
False
Is 100455 a multiple of 37?
True
Does 94 divide 210828?
False
Is 9735716 a multiple of 11?
False
Is 217 a factor of 175770?
True
Does 20 divide 248620?
True
Is 2275107 a multiple of 267?
True
Is 78 a factor of 5908498?
False
Does 57 divide 319916?
False
Is 32 a factor of 5850151?
False
Is 125268 a multiple of 12?
True
Does 17 divide 25780838?
False
Does 11 divide 223674?
True
Does 22 divide 840488?
True
Does 1243 divide 1924974?
False
Is 76 a factor of 345876?
True
Is 15 a factor of 7830?
True
Is 10552178 a multiple of 481?
True
Is 1046656 a multiple of 52?
True
Is 1036316 a multiple of 130?
False
Is 166 a factor of 5126080?
True
Does 153 divide 103734?
True
Does 140 divide 25634?
False
Is 6306 even?
True
Does 9 divide 1444?
False
Does 61 divide 104287?
False
Is 15 a factor of 51214?
False
Is 186472 a multiple of 104?
True
Is 43454 a multiple of 27?
False
Is 1165 a factor of 16169035?
True
Is 2773834 a multiple of 18?
False
Is 120858 a multiple of 64?
False
Is 410785 even?
False
Does 9 divide 388359?
True
Is 20458 a multiple of 53?
True
Does 49 divide 603382?
False
Is 1414 a factor of 23743888?
True
Does 51 divide 1272399?
True
Does 513 divide 201103?
False
Does 3 divide 36885?
True
Is 1054729 a multiple of 13?
True
Is 12 a factor of 12515472?
True
Does 86 divide 28552?
True
Is 423 a factor of 572268?
False
Is 790604 a multiple of 56?
False
Is 138 a factor of 173615?
False
Does 1233 divide 4587679?
False
Is 461 a factor of 198230?
True
Is 42 a factor of 146244?
True
Is 71120 a multiple of 140?
True
Is 118 a factor of 1950372?
False
Is 683650 a multiple of 113?
True
Is 183773 a multiple of 32?
False
Does 17 divide 27113011?
True
Is 28720 a multiple of 4?
True
Is 4302837 a multiple of 449?
False
Is 12 a factor of 1328859?
False
Is 471882 a multiple of 93?
True
Is 3 a factor of 245337?
True
Is 20 a factor of 927594?
False
Is 46 a factor of 5847528?
False
Is 831767 a multiple of 292?
False
Is 310102 a multiple of 49?
False
Does 378 divide 3041388?
True
Does 260 divide 28122?
False
Is 336744 a multiple of 15?
False
Is 2489270 a multiple of 14?
True
Is 3406368 a multiple of 28?
True
Does 16 divide 1617232?
True
Is 19489022 a multiple of 14?
True
Is 14163572 a multiple of 21?
False
Does 438 divide 20158558?
False
Is 129 a factor of 772452?
True
Does 18 divide 2046963?
False
Is 348 a factor of 7058391?
False
Does 14 divide 14763980?
True
Is 15 a factor of 8533?
False
Is 10 a factor of 818310?
True
Is 2523958 a multiple of 12?
False
Does 190 divide 9410700?
True
Is 24 a factor of 4787856?
True
Does 87 divide 4039640?
False
Is 2695378 a multiple of 319?
False
Is 785196 a multiple of 12?
True
Is 3 a factor of 366846?
True
Is 5 a factor of 655392?
False
Does 184 divide 24656?
True
Is 469295 a multiple of 16?
False
Is 172 a factor of 70348?
True
Is 1126484 a multiple of 16?
False
Is 728567 a multiple of 259?
True
Is 6975726 a multiple of 1591?
False
Does 8 divide 698787?
False
Is 31 a factor of 53956?
False
Does 36 divide 2840760?
True
Does 108 divide 20227163?
False
Is 12105608 a multiple of 8?
True
Is 15 a factor of 1818900?
True
Is 1521965 a multiple of 12?
False
Is 23 a factor of 128955?
False
Does 15 divide 2648954?
False
Is 18 a factor of 48129?
False
Is 40 a factor of 4120822?
False
Is 183024 a multiple of 31?
True
Is 12778194 a multiple of 858?
True
Is 1229652 a multiple of 158?
False
Does 599 divide 2463687?
True
Is 2104891 a multiple of 43?
False
Does 24 divide 4585146?
False
Does 158 divide 58934?
True
Does 6 divide 72774?
True
Does 6 divide 514628?
False
Is 556380 a multiple of 220?
True
Is 38675 a multiple of 35?
True
Is 16792 a multiple of 15?
False
Is 396998 a multiple of 276?
False
Does 2173 divide 14126168?
False
Is 32371 a multiple of 11?
False
Does 2 divide 153606?
True
Does 1467 divide 7133675?
False
Does 783 divide 4292505?
False
Is 29 a factor of 574575?
False
Is 75930 a multiple of 4?
False
Is 89 a factor of 104041?
True
Does 2 divide 88025?
False
Is 33063 a multiple of 6?
False
Is 58 a factor of 786596?
True
Is 15 a factor of 1234136?
False
Is 1216642 a multiple of 847?
False
Is 7179500 a multiple of 37?
False
Does 1595 divide 1228904?
False
Is 459 a factor of 240869?
False
Does 21 divide 1256934?
True
Does 39 divide 119301?
True
Is 140360 a multiple of 319?
True
Is 202377 a multiple of 161?
True
Is 446224 a multiple of 167?
True
Is 32 a factor of 15072?
True
Does 15 divide 6748470?
True
Is 68 a factor of 912832?
True
Is 305 a factor of 1273812?
False
Is 23 a factor of 3681312?
False
Is 544335 a multiple of 165?
True
Is 309039 a multiple of 31?
True
Is 2 a factor of 255359?
Fa